) = -15*q - 3. Let n be f(-3). Let v = n + y. Is v a composite number?
True
Is 2165/3 + 72/54 a composite number?
True
Let n be 4/(-10) - (-56)/(-10). Let d be (-22)/n + 16/(-24). Suppose 255 + 498 = d*f. Is f a prime number?
True
Suppose 5*x + 3*n + 266 = 0, -2*n = -2*x - 2*x - 204. Is (-62)/((-96)/x - 2) composite?
True
Let a = -169 + 288. Let d be (12/5 - 2)/(7/420). Suppose d = -5*c + a. Is c a prime number?
True
Let x(j) = j**3 - 7*j**2 + 7*j + 1. Let t be x(5). Let g be (-1 + 2)/((-1)/t). Let q = g + 5. Is q composite?
False
Suppose 0 = -2*o - 2 - 2. Let y be 1/(-5) - o/10. Suppose y = 4*n - 959 - 405. Is n a prime number?
False
Let g = 7743 - 3358. Is g a composite number?
True
Let g(x) = -x**3 - x**2 - x - 1. Let h be g(-2). Suppose 0 = 2*v - h*v - 393. Let t = -62 - v. Is t composite?
True
Let t be (5 - 0) + (4 - 8). Let o(j) = 693*j**2 + 3*j - 1. Let i be o(t). Let s = i - -518. Is s a prime number?
True
Suppose -24 = 2*x - 4*n, x + 14 = -3*n + 7*n. Is (10/x)/((-1)/1409) a composite number?
False
Let d be ((-6)/(-18))/(2/6). Let z be -9*d*4/(-12). Suppose y - 77 = z*n, -65 = -y - 0*y - 3*n. Is y prime?
True
Is ((-5608395)/468)/((-10)/16) prime?
False
Let n = 42318 + -28565. Is n a composite number?
True
Let h = 58 - 59. Is -2 - (h + 2 + -40) composite?
False
Let i = -5 - -56. Is i/(-85) - 536/(-10) a composite number?
False
Let g = 159810 + -82327. Is g prime?
False
Let q(j) = 5*j**3 - 85*j**2 + 31*j - 46. Let k(i) = -i**3 + 17*i**2 - 6*i + 9. Let s(l) = 11*k(l) + 2*q(l). Is s(12) prime?
False
Suppose g = -3*g + 16. Is 2/(-8)*-1257*g a prime number?
False
Let p = -16 - -16. Let d be 10*(p - (-1528)/(-20)). Let m = d + 1135. Is m composite?
True
Suppose 34*q - 36*q - 2385 = -a, -2 = -q. Is a a composite number?
False
Let z(w) = 2*w - 4. Let n be z(3). Suppose 4*b = -3*m + 12027, -3*b = -n*m - 14218 + 5185. Suppose 5*s - b = 46. Is s prime?
False
Suppose -5*j + 3 = -3*x, 2*x - 4 = -2*j - 6. Let q be (-49 - x) + (-6 - -5). Let d = q - -116. Is d a composite number?
False
Suppose -3*f + 37823 = -4*d, 10*d - 5*d = f - 12626. Is f a composite number?
False
Let n(u) = 25*u**2 - 9*u - 29. Let k = -117 + 110. Is n(k) composite?
False
Let z(f) = -8*f + 15. Let y be z(-7). Let u = y + 75. Let l = u + 31. Is l a composite number?
True
Let c = 65 - 58. Suppose -5*i - 2*r + 4267 = 0, -c*i + 2*i = -5*r - 4260. Is i a composite number?
False
Is (12 + 1)*(61 - 32) prime?
False
Suppose -18*k = -28*k + 71430. Is k a composite number?
True
Let j = 3 - -22. Suppose 22*k - j*k + 669 = 0. Is k a composite number?
False
Suppose 118 = 2*i + 4*g - 2*g, 2*i - 2*g = 130. Is i composite?
True
Let l(y) = 1502*y - 7. Let x be l(1). Suppose 3*h = -t + x, 5*t + 493 = h + 8*t. Is h composite?
False
Let s(b) = 3314*b**3 - 2*b**2 + 11*b - 9. Is s(1) prime?
False
Let u be ((-267)/(-6))/((-2)/8). Is (u/8 - 0)*-4 prime?
True
Suppose 0 = -2*r - 5*a - 11, 0*r - 3*a = 3*r + 3. Suppose u - 1708 + 170 = -5*j, 0 = -r*u + 4*j + 3090. Is u prime?
True
Let m = 52 + -35. Suppose 0 = 14*g - m*g + 5613. Is g a prime number?
True
Suppose -10*p = -112420 - 2990. Is p prime?
False
Let n(c) = c**3 - 8*c**2 - 8*c - 5. Let m be n(9). Suppose -23 - 5 = -m*a. Is 215/a - 16/(-56) a prime number?
True
Suppose -4*x + 4*y = -322768, -43027 = -4*x - 4*y + 279717. Is x prime?
False
Let q(z) = z**3 + 6*z**2 + 7*z + 10. Let i be q(-4). Suppose -3*y - 6*b + 2*b + 1 = 0, -4*y = -b - i. Suppose d + 2*f = -2*f + 237, -y*f = -12. Is d prime?
False
Suppose -9*y + 2782 = -5*y + 2*z, -y - 2*z = -688. Is y prime?
False
Let k be (-2400)/28 + 2/(-7). Let n = k + 207. Is n composite?
True
Let d = 35884 + -20573. Is d composite?
True
Let q = -59 + 44. Let c(f) = 4*f**2 + 23*f + 22. Is c(q) prime?
True
Let n(i) = 746*i + 25. Is n(8) prime?
False
Let m(y) = -1016*y**2 - y - 1. Suppose -8*b = -5*b + 3. Let i be m(b). Let x = -333 - i. Is x a composite number?
False
Let j be 4*-1 - 640*-4. Suppose 5*m - j + 96 = 0. Let b = m + -229. Is b a prime number?
True
Let g(f) = 124*f - 13. Suppose 2*t - 119 = -5*y - 32, 2*t + 49 = 3*y. Is g(y) a prime number?
False
Let u be (-3 - -2)*(-64)/(2 - 6). Let b(g) = g**3 + 29*g**2 - 13*g + 9. Is b(u) prime?
False
Suppose 12*m + 12 = 16*m. Suppose -4*k + 26 = -m*k. Suppose k = -3*u + 131. Is u a composite number?
True
Let r(d) = -d**3 - 3*d**2 + 3*d - 145. Is r(-14) prime?
False
Is 136/17 + -1 + 13804 a composite number?
True
Let y be -4 - 3/(-1) - -134. Let h(m) = -2*m**2 - 4*m - 18. Let n be h(-6). Let q = y + n. Is q prime?
True
Suppose 0 = -3*f - 7*x + 2*x + 3402, 0 = -5*f - 5*x + 5680. Is f a prime number?
False
Is -4 + 92/22 + 165687/33 prime?
True
Let n(a) = -3*a - 2. Let f be n(-8). Suppose l + 0*u + 5 = -5*u, 0 = -2*l + 5*u + 5. Suppose l = 2*o - m - 136, -3*m = o - 39 - f. Is o prime?
True
Let r(l) = -296 + 5*l**3 - 841 - 4*l**3 + 14. Let o be r(0). Let h = -602 - o. Is h composite?
False
Suppose -4*q + 807 = -3*q. Suppose 5*z - q = 428. Suppose 2*p - 227 - z = 0. Is p prime?
False
Suppose -15*q - 17*q + 5870752 = 0. Is q a prime number?
True
Let n(p) = 2*p**2 - 6*p + 5. Let t be n(3). Suppose t*g - 5030 = -3*j, 3*g + 0*g = -5*j + 3002. Is g a prime number?
True
Let x be (-912988)/(-57) - (-1)/(6/4). Suppose -r - 8009 = -a, a - x = -a + 4*r. Is a a prime number?
True
Let v(t) = -151*t - 15. Let r be v(-7). Suppose -6*j + 4384 = r. Is j a composite number?
False
Let r = -10311 + 20632. Is r a composite number?
False
Is 18493 - (-13 + 18 - -7) a composite number?
False
Let t = -376 - -963. Is t a prime number?
True
Suppose 94695 = 13*v + 30176. Is v a composite number?
True
Let c = 22 + -12. Let f(a) = a**2 + a - 10. Let m be f(c). Let y = -63 + m. Is y a prime number?
True
Suppose 154 + 111 = -5*h. Let y = -32 - h. Is y prime?
False
Suppose -w - 4*w = 4*i + 520, 0 = 3*i - 3*w + 363. Let b = i + 560. Suppose -9*c + b = -4*c. Is c a composite number?
True
Let w = 315 - -569. Let z = w + -438. Suppose p + p = z. Is p prime?
True
Let h be (-2)/(-10) + (-71357)/(-65). Let d = h - 359. Is d composite?
False
Let t be (-3)/(-24) - (-54)/(-48). Is 2527/(-4)*t - 3/4 a composite number?
False
Suppose -5*w = 2*x - 1055, -2*x - 422 = -13*w + 11*w. Is w composite?
False
Let x(p) be the first derivative of -p**4/4 + p**2/2 + 5*p - 3. Let t be x(0). Suppose -r + 218 + t = 0. Is r a prime number?
True
Let k(o) = 16*o + 45*o - 3 + 4 - 3. Is k(1) composite?
False
Suppose -4*t = -3*t - 4. Suppose 0*n - 2*n = 5*x - t, -3*n + 17 = 2*x. Let a(s) = 4*s**2 + 8*s + 5. Is a(n) a composite number?
False
Suppose 0 = 1113*a - 1121*a + 92728. Is a a composite number?
True
Suppose -2*n - 4*o = -152738, 65*o = 4*n + 62*o - 305531. Is n a composite number?
False
Suppose 5*b + 52 = 9*b. Suppose -b*q = -18*q + 10745. Is q a composite number?
True
Let p(z) = -62*z + 15. Let c(i) = i + 1. Let b(f) = 5*c(f) - p(f). Is b(3) composite?
False
Let m(a) = 15*a**2 + 5*a - 7. Suppose 6*j - 2*j - 3*s = 3, -3 = 4*j - 5*s. Let x be (-6 - (3 - j))/1. Is m(x) prime?
True
Let o(d) = 2*d**2 + 2*d - 2. Suppose 0 = -4*t + 6*t - 2. Let l be o(t). Suppose -l*f + 217 = -f + 3*j, 2*f - 442 = -2*j. Is f prime?
True
Suppose 0 = -3*k + 6, -4*z + 23774 + 7982 = -2*k. Suppose -4*f + 3*p + 12584 = 4642, -4*p - z = -4*f. Is f prime?
True
Let w(g) = g + 1. Let a(j) = -26*j - 9. Let t(l) = -a(l) - 4*w(l). Is t(5) a composite number?
True
Let o be 1/3*(-2 + 23). Let b(z) = z**2 + 49*z - 6 - 6 - 47*z. Is b(o) composite?
True
Suppose -5*k - 155 = 5*x, 3*x - 5*k = -x - 79. Let c = 27 - x. Is c prime?
True
Suppose -13496 - 3964 = -5*a - d, -5*a + 3*d + 17440 = 0. Is a prime?
True
Suppose -g = 5*a - 8, -a + 5*a + 4*g = 0. Is 841 - a - (0 + 4) a composite number?
True
Let j(u) = 190*u**3 + 3*u**2 - 35*u + 101. Is j(6) a prime number?
True
Is 29567*(-3)/24*-8 a prime number?
True
Suppose 2*f = -6*w + w - 6, 5*f - 10 = 0. Is 2/8*2 + (-1105)/w a composite number?
True
Suppose 0 = -g + 26 + 84. Let m = 241 - g. Is m composite?
False
Let m be (2 + -108)*(-1)/2. Suppose m = 3*k - 10. Let d = k - 7. Is d a composite number?
True
Suppose -4*g + 3 = 5*l - 386, -2*g - 5*l = -197. Suppose -g*k = -97*k + 565. Is k composite?
True
Let a(g) = 43*g - 1 + 0 - 42*g. Let n be a(12). Let w = n + 4. Is w a prime number?
False
Suppose 0 = 3*j - 12681 - 13455. Sup